{"id":262316,"date":"2021-12-13T13:00:53","date_gmt":"2021-12-13T19:00:53","guid":{"rendered":"https:\/\/massalud.facmed.unam.mx\/?page_id=262316"},"modified":"2026-02-24T14:44:41","modified_gmt":"2026-02-24T20:44:41","slug":"revista-salud","status":"publish","type":"page","link":"https:\/\/massalud.facmed.unam.mx\/index.php\/revista-salud\/","title":{"rendered":"Revista + Salud"},"content":{"rendered":"<p>[et_pb_section fb_built=\u00bb1&#8243; next_background_color=\u00bb#ffffff\u00bb _builder_version=\u00bb4.27.5&#8243; _module_preset=\u00bbdefault\u00bb background_color=\u00bb#00457a\u00bb background_enable_image=\u00bboff\u00bb parallax=\u00bbon\u00bb custom_padding=\u00bb0px||0px||false|false\u00bb bottom_divider_style=\u00bbramp\u00bb bottom_divider_style_tablet=\u00bb\u00bb bottom_divider_style_phone=\u00bbnone\u00bb bottom_divider_style_last_edited=\u00bbon|phone\u00bb global_colors_info=\u00bb{}\u00bb][et_pb_row column_structure=\u00bb1_2,1_2&#8243; _builder_version=\u00bb4.27.0&#8243; _module_preset=\u00bbdefault\u00bb z_index=\u00bb0&#8243; custom_padding=\u00bb4px|||||\u00bb global_colors_info=\u00bb{}\u00bb][et_pb_column type=\u00bb1_2&#8243; _builder_version=\u00bb4.16&#8243; _module_preset=\u00bbdefault\u00bb global_colors_info=\u00bb{}\u00bb][et_pb_image src=\u00bbhttps:\/\/massalud.facmed.unam.mx\/wp-content\/uploads\/2026\/01\/Salud-Num-7_portadaWeb-scaled.jpg\u00bb title_text=\u00bb+Salud Num 7_portadaWeb\u00bb url=\u00bbhttps:\/\/massalud.facmed.unam.mx\/index.php\/nueva-revista-salud-no6\/\u00bb _builder_version=\u00bb4.27.5&#8243; _module_preset=\u00bbdefault\u00bb min_height=\u00bb556px\u00bb min_height_tablet=\u00bb\u00bb min_height_phone=\u00bbauto\u00bb min_height_last_edited=\u00bbon|phone\u00bb custom_margin=\u00bb||||false|false\u00bb scroll_scaling_enable=\u00bbon\u00bb scroll_scaling=\u00bb0|50|50|100|70|100|100%\u00bb motion_trigger_start=\u00bbbottom\u00bb global_colors_info=\u00bb{}\u00bb][\/et_pb_image][\/et_pb_column][et_pb_column type=\u00bb1_2&#8243; _builder_version=\u00bb4.16&#8243; _module_preset=\u00bbdefault\u00bb global_colors_info=\u00bb{}\u00bb][et_pb_image src=\u00bbhttps:\/\/massalud.facmed.unam.mx\/wp-content\/uploads\/2026\/02\/LogosRevistaMasSalud.png\u00bb title_text=\u00bbLogosRevistaMasSalud\u00bb _builder_version=\u00bb4.27.5&#8243; _module_preset=\u00bbdefault\u00bb width=\u00bb55%\u00bb module_alignment=\u00bbcenter\u00bb custom_padding=\u00bb120px||||false|false\u00bb custom_padding_tablet=\u00bb\u00bb custom_padding_phone=\u00bb20px||||false|false\u00bb custom_padding_last_edited=\u00bbon|phone\u00bb hover_enabled=\u00bb0&#8243; global_colors_info=\u00bb{}\u00bb sticky_enabled=\u00bb0&#8243;][\/et_pb_image][et_pb_text _builder_version=\u00bb4.27.0&#8243; _module_preset=\u00bbdefault\u00bb text_font=\u00bb|600|||||||\u00bb text_text_color=\u00bb#FFFFFF\u00bb text_orientation=\u00bbcenter\u00bb custom_padding=\u00bb||30px||false|false\u00bb global_colors_info=\u00bb{}\u00bb]En <strong> +Salud FacMed <\/strong> tenemos el objetivo de fomentar una cultura de promoci\u00f3n y prevenci\u00f3n de la salud en beneficio de la sociedad mexicana, a trav\u00e9s de la divulgaci\u00f3n cient\u00edfica de temas relacionados con medicina, fisioterapia, neurociencias, nutrici\u00f3n, sexualidad y salud mental, entre otros, respaldados y verificados por especialistas, investigadoras\/es y acad\u00e9micas\/os de la Facultad de Medicina de la UNAM.[\/et_pb_text][et_pb_button button_url=\u00bbhttps:\/\/massalud.facmed.unam.mx\/index.php\/nueva-revista-salud-no7\/\u00bb button_text=\u00bbN\u00famero Actual\u00bb button_alignment=\u00bbcenter\u00bb _builder_version=\u00bb4.27.5&#8243; _module_preset=\u00bbdefault\u00bb custom_button=\u00bbon\u00bb button_text_color=\u00bb#FFFFFF\u00bb button_bg_color=\u00bbrgba(224,64,56,0.89)\u00bb button_icon=\u00bb&#x24;||divi||400&#8243; button_icon_color=\u00bb#FFFFFF\u00bb animation_style=\u00bbslide\u00bb global_colors_info=\u00bb{}\u00bb][\/et_pb_button][\/et_pb_column][\/et_pb_row][\/et_pb_section][et_pb_section fb_built=\u00bb1&#8243; _builder_version=\u00bb4.16&#8243; _module_preset=\u00bbdefault\u00bb custom_padding=\u00bb3px|||||\u00bb global_colors_info=\u00bb{}\u00bb][et_pb_row _builder_version=\u00bb4.16&#8243; _module_preset=\u00bbdefault\u00bb custom_margin=\u00bb||0px||false|false\u00bb custom_padding=\u00bb||0px||false|false\u00bb global_colors_info=\u00bb{}\u00bb][et_pb_column type=\u00bb4_4&#8243; _builder_version=\u00bb4.16&#8243; _module_preset=\u00bbdefault\u00bb global_colors_info=\u00bb{}\u00bb][et_pb_text _builder_version=\u00bb4.16&#8243; _module_preset=\u00bbdefault\u00bb header_font=\u00bb|600|||||||\u00bb header_text_align=\u00bbcenter\u00bb header_text_color=\u00bb#084a8c\u00bb header_font_size=\u00bb35px\u00bb global_colors_info=\u00bb{}\u00bb]<\/p>\n<h1>N\u00fameros anteriores <\/h1>\n<p>[\/et_pb_text][\/et_pb_column][\/et_pb_row][et_pb_row column_structure=\u00bb1_3,1_3,1_3&#8243; _builder_version=\u00bb4.27.0&#8243; _module_preset=\u00bbdefault\u00bb global_colors_info=\u00bb{}\u00bb][et_pb_column type=\u00bb1_3&#8243; _builder_version=\u00bb4.16&#8243; _module_preset=\u00bbdefault\u00bb global_colors_info=\u00bb{}\u00bb][et_pb_image src=\u00bbhttps:\/\/massalud.facmed.unam.mx\/wp-content\/uploads\/2021\/02\/revistamas.png\u00bb title_text=\u00bbrevista salud\u00bb url=\u00bbhttps:\/\/massalud.facmed.unam.mx\/index.php\/revista-salud-no2\/\u00bb _builder_version=\u00bb4.27.0&#8243; _module_preset=\u00bbdefault\u00bb scroll_scaling_enable=\u00bbon\u00bb global_colors_info=\u00bb{}\u00bb][\/et_pb_image][\/et_pb_column][et_pb_column type=\u00bb1_3&#8243; _builder_version=\u00bb4.16&#8243; _module_preset=\u00bbdefault\u00bb global_colors_info=\u00bb{}\u00bb][et_pb_image src=\u00bbhttps:\/\/massalud.facmed.unam.mx\/wp-content\/uploads\/2021\/02\/Captura-de-pantalla-2021-02-12-a-las-09.00.32.png\u00bb title_text=\u00bbCaptura de pantalla 2021-02-12 a la(s) 09.00.32&#8243; url=\u00bbhttps:\/\/massalud.facmed.unam.mx\/index.php\/revista-salud-facmed-no1\/\u00bb _builder_version=\u00bb4.27.0&#8243; _module_preset=\u00bbdefault\u00bb scroll_scaling_enable=\u00bbon\u00bb global_colors_info=\u00bb{}\u00bb][\/et_pb_image][\/et_pb_column][et_pb_column type=\u00bb1_3&#8243; _builder_version=\u00bb4.16&#8243; _module_preset=\u00bbdefault\u00bb global_colors_info=\u00bb{}\u00bb][et_pb_image src=\u00bbhttps:\/\/massalud.facmed.unam.mx\/wp-content\/uploads\/2022\/02\/no3.png\u00bb title_text=\u00bbn\u00ba3&#8243; url=\u00bbhttps:\/\/massalud.facmed.unam.mx\/index.php\/revista-salud-no3\/\u00bb _builder_version=\u00bb4.27.0&#8243; _module_preset=\u00bbdefault\u00bb scroll_scaling_enable=\u00bbon\u00bb global_colors_info=\u00bb{}\u00bb][\/et_pb_image][\/et_pb_column][\/et_pb_row][et_pb_row column_structure=\u00bb1_3,1_3,1_3&#8243; _builder_version=\u00bb4.27.0&#8243; _module_preset=\u00bbdefault\u00bb global_colors_info=\u00bb{}\u00bb][et_pb_column type=\u00bb1_3&#8243; _builder_version=\u00bb4.27.0&#8243; _module_preset=\u00bbdefault\u00bb global_colors_info=\u00bb{}\u00bb][et_pb_image src=\u00bbhttps:\/\/massalud.facmed.unam.mx\/wp-content\/uploads\/2022\/09\/revistan4.png\u00bb title_text=\u00bbrevistan4&#8243; url=\u00bbhttps:\/\/massalud.facmed.unam.mx\/index.php\/revista-salud-no-4\/\u00bb align=\u00bbcenter\u00bb _builder_version=\u00bb4.27.4&#8243; _module_preset=\u00bbdefault\u00bb scroll_scaling_enable=\u00bbon\u00bb global_colors_info=\u00bb{}\u00bb][\/et_pb_image][\/et_pb_column][et_pb_column type=\u00bb1_3&#8243; _builder_version=\u00bb4.27.0&#8243; _module_preset=\u00bbdefault\u00bb global_colors_info=\u00bb{}\u00bb][et_pb_image src=\u00bbhttps:\/\/massalud.facmed.unam.mx\/wp-content\/uploads\/2024\/11\/Mas-Salud-Octubre-Febrero-No5-1-724&#215;1024.jpg\u00bb title_text=\u00bbMas-Salud-Octubre-Febrero-No5&#8243; url=\u00bbhttps:\/\/massalud.facmed.unam.mx\/index.php\/nueva-revista-salud-n1\/\u00bb url_new_window=\u00bbon\u00bb align=\u00bbcenter\u00bb _builder_version=\u00bb4.27.4&#8243; _module_preset=\u00bbdefault\u00bb module_alignment=\u00bbcenter\u00bb height=\u00bb500px\u00bb scroll_scaling_enable=\u00bbon\u00bb global_colors_info=\u00bb{}\u00bb][\/et_pb_image][\/et_pb_column][et_pb_column type=\u00bb1_3&#8243; _builder_version=\u00bb4.27.5&#8243; _module_preset=\u00bbdefault\u00bb global_colors_info=\u00bb{}\u00bb][et_pb_image src=\u00bbhttps:\/\/massalud.facmed.unam.mx\/wp-content\/uploads\/2025\/09\/MasSalud-numero-6-portada-2-scaled.jpg\u00bb title_text=\u00bbMasSalud-nu\u0301mero-6-portada-2&#8243; url=\u00bbhttps:\/\/massalud.facmed.unam.mx\/index.php\/nueva-revista-salud-no6\/\u00bb url_new_window=\u00bbon\u00bb align=\u00bbcenter\u00bb _builder_version=\u00bb4.27.5&#8243; _module_preset=\u00bbdefault\u00bb module_alignment=\u00bbcenter\u00bb height=\u00bb500px\u00bb scroll_scaling_enable=\u00bbon\u00bb global_colors_info=\u00bb{}\u00bb][\/et_pb_image][\/et_pb_column][\/et_pb_row][\/et_pb_section]<\/p>\n","protected":false},"excerpt":{"rendered":"<p>En +Salud FacMed tenemos el objetivo de fomentar una cultura de promoci\u00f3n y prevenci\u00f3n de la salud en beneficio de la sociedad mexicana, a trav\u00e9s de la divulgaci\u00f3n cient\u00edfica de [&hellip;]<\/p>\n","protected":false},"author":1,"featured_media":0,"parent":0,"menu_order":0,"comment_status":"closed","ping_status":"closed","template":"","meta":{"_acf_changed":false,"_et_pb_use_builder":"on","_et_pb_old_content":"","_et_gb_content_width":"","jetpack_post_was_ever_published":false,"footnotes":""},"class_list":["post-262316","page","type-page","status-publish","hentry"],"acf":false,"yoast_head":"<!-- This site is optimized with the Yoast SEO plugin v27.3 - https:\/\/yoast.com\/product\/yoast-seo-wordpress\/ -->\n<title>Revista + Salud - +Salud FacMed<\/title>\n<meta name=\"robots\" content=\"index, follow, max-snippet:-1, max-image-preview:large, max-video-preview:-1\" \/>\n<link rel=\"canonical\" href=\"https:\/\/massalud.facmed.unam.mx\/index.php\/revista-salud\/\" \/>\n<meta property=\"og:locale\" content=\"es_ES\" \/>\n<meta property=\"og:type\" content=\"article\" \/>\n<meta property=\"og:title\" content=\"Revista + Salud - +Salud FacMed\" \/>\n<meta property=\"og:description\" content=\"En +Salud FacMed tenemos el objetivo de fomentar una cultura de promoci\u00f3n y prevenci\u00f3n de la salud en beneficio de la sociedad mexicana, a trav\u00e9s de la divulgaci\u00f3n cient\u00edfica de [&hellip;]\" \/>\n<meta property=\"og:url\" content=\"https:\/\/massalud.facmed.unam.mx\/index.php\/revista-salud\/\" \/>\n<meta property=\"og:site_name\" content=\"+Salud FacMed\" \/>\n<meta property=\"article:modified_time\" content=\"2026-02-24T20:44:41+00:00\" \/>\n<meta name=\"twitter:card\" content=\"summary_large_image\" \/>\n<meta name=\"twitter:label1\" content=\"Tiempo de lectura\" \/>\n\t<meta name=\"twitter:data1\" content=\"1 minuto\" \/>\n<script type=\"application\/ld+json\" class=\"yoast-schema-graph\">{\"@context\":\"https:\\\/\\\/schema.org\",\"@graph\":[{\"@type\":\"WebPage\",\"@id\":\"https:\\\/\\\/massalud.facmed.unam.mx\\\/index.php\\\/revista-salud\\\/\",\"url\":\"https:\\\/\\\/massalud.facmed.unam.mx\\\/index.php\\\/revista-salud\\\/\",\"name\":\"Revista + Salud - +Salud FacMed\",\"isPartOf\":{\"@id\":\"https:\\\/\\\/massalud.facmed.unam.mx\\\/#website\"},\"datePublished\":\"2021-12-13T19:00:53+00:00\",\"dateModified\":\"2026-02-24T20:44:41+00:00\",\"breadcrumb\":{\"@id\":\"https:\\\/\\\/massalud.facmed.unam.mx\\\/index.php\\\/revista-salud\\\/#breadcrumb\"},\"inLanguage\":\"es\",\"potentialAction\":[{\"@type\":\"ReadAction\",\"target\":[\"https:\\\/\\\/massalud.facmed.unam.mx\\\/index.php\\\/revista-salud\\\/\"]}]},{\"@type\":\"BreadcrumbList\",\"@id\":\"https:\\\/\\\/massalud.facmed.unam.mx\\\/index.php\\\/revista-salud\\\/#breadcrumb\",\"itemListElement\":[{\"@type\":\"ListItem\",\"position\":1,\"name\":\"Portada\",\"item\":\"https:\\\/\\\/massalud.facmed.unam.mx\\\/\"},{\"@type\":\"ListItem\",\"position\":2,\"name\":\"Revista + Salud\"}]},{\"@type\":\"WebSite\",\"@id\":\"https:\\\/\\\/massalud.facmed.unam.mx\\\/#website\",\"url\":\"https:\\\/\\\/massalud.facmed.unam.mx\\\/\",\"name\":\"+Salud FacMed\",\"description\":\"Revista de la Facultad de Medicina\",\"publisher\":{\"@id\":\"https:\\\/\\\/massalud.facmed.unam.mx\\\/#organization\"},\"potentialAction\":[{\"@type\":\"SearchAction\",\"target\":{\"@type\":\"EntryPoint\",\"urlTemplate\":\"https:\\\/\\\/massalud.facmed.unam.mx\\\/?s={search_term_string}\"},\"query-input\":{\"@type\":\"PropertyValueSpecification\",\"valueRequired\":true,\"valueName\":\"search_term_string\"}}],\"inLanguage\":\"es\"},{\"@type\":\"Organization\",\"@id\":\"https:\\\/\\\/massalud.facmed.unam.mx\\\/#organization\",\"name\":\"+Salud\",\"url\":\"https:\\\/\\\/massalud.facmed.unam.mx\\\/\",\"logo\":{\"@type\":\"ImageObject\",\"inLanguage\":\"es\",\"@id\":\"https:\\\/\\\/massalud.facmed.unam.mx\\\/#\\\/schema\\\/logo\\\/image\\\/\",\"url\":\"https:\\\/\\\/i0.wp.com\\\/www.massaludfacmed.unam.mx\\\/wp-content\\\/uploads\\\/2018\\\/08\\\/app-mas-salud-1.png?fit=700%2C694\",\"contentUrl\":\"https:\\\/\\\/i0.wp.com\\\/www.massaludfacmed.unam.mx\\\/wp-content\\\/uploads\\\/2018\\\/08\\\/app-mas-salud-1.png?fit=700%2C694\",\"width\":700,\"height\":694,\"caption\":\"+Salud\"},\"image\":{\"@id\":\"https:\\\/\\\/massalud.facmed.unam.mx\\\/#\\\/schema\\\/logo\\\/image\\\/\"}}]}<\/script>\n<!-- \/ Yoast SEO plugin. -->","yoast_head_json":{"title":"Revista + Salud - +Salud FacMed","robots":{"index":"index","follow":"follow","max-snippet":"max-snippet:-1","max-image-preview":"max-image-preview:large","max-video-preview":"max-video-preview:-1"},"canonical":"https:\/\/massalud.facmed.unam.mx\/index.php\/revista-salud\/","og_locale":"es_ES","og_type":"article","og_title":"Revista + Salud - +Salud FacMed","og_description":"En +Salud FacMed tenemos el objetivo de fomentar una cultura de promoci\u00f3n y prevenci\u00f3n de la salud en beneficio de la sociedad mexicana, a trav\u00e9s de la divulgaci\u00f3n cient\u00edfica de [&hellip;]","og_url":"https:\/\/massalud.facmed.unam.mx\/index.php\/revista-salud\/","og_site_name":"+Salud FacMed","article_modified_time":"2026-02-24T20:44:41+00:00","twitter_card":"summary_large_image","twitter_misc":{"Tiempo de lectura":"1 minuto"},"schema":{"@context":"https:\/\/schema.org","@graph":[{"@type":"WebPage","@id":"https:\/\/massalud.facmed.unam.mx\/index.php\/revista-salud\/","url":"https:\/\/massalud.facmed.unam.mx\/index.php\/revista-salud\/","name":"Revista + Salud - +Salud FacMed","isPartOf":{"@id":"https:\/\/massalud.facmed.unam.mx\/#website"},"datePublished":"2021-12-13T19:00:53+00:00","dateModified":"2026-02-24T20:44:41+00:00","breadcrumb":{"@id":"https:\/\/massalud.facmed.unam.mx\/index.php\/revista-salud\/#breadcrumb"},"inLanguage":"es","potentialAction":[{"@type":"ReadAction","target":["https:\/\/massalud.facmed.unam.mx\/index.php\/revista-salud\/"]}]},{"@type":"BreadcrumbList","@id":"https:\/\/massalud.facmed.unam.mx\/index.php\/revista-salud\/#breadcrumb","itemListElement":[{"@type":"ListItem","position":1,"name":"Portada","item":"https:\/\/massalud.facmed.unam.mx\/"},{"@type":"ListItem","position":2,"name":"Revista + Salud"}]},{"@type":"WebSite","@id":"https:\/\/massalud.facmed.unam.mx\/#website","url":"https:\/\/massalud.facmed.unam.mx\/","name":"+Salud FacMed","description":"Revista de la Facultad de Medicina","publisher":{"@id":"https:\/\/massalud.facmed.unam.mx\/#organization"},"potentialAction":[{"@type":"SearchAction","target":{"@type":"EntryPoint","urlTemplate":"https:\/\/massalud.facmed.unam.mx\/?s={search_term_string}"},"query-input":{"@type":"PropertyValueSpecification","valueRequired":true,"valueName":"search_term_string"}}],"inLanguage":"es"},{"@type":"Organization","@id":"https:\/\/massalud.facmed.unam.mx\/#organization","name":"+Salud","url":"https:\/\/massalud.facmed.unam.mx\/","logo":{"@type":"ImageObject","inLanguage":"es","@id":"https:\/\/massalud.facmed.unam.mx\/#\/schema\/logo\/image\/","url":"https:\/\/i0.wp.com\/www.massaludfacmed.unam.mx\/wp-content\/uploads\/2018\/08\/app-mas-salud-1.png?fit=700%2C694","contentUrl":"https:\/\/i0.wp.com\/www.massaludfacmed.unam.mx\/wp-content\/uploads\/2018\/08\/app-mas-salud-1.png?fit=700%2C694","width":700,"height":694,"caption":"+Salud"},"image":{"@id":"https:\/\/massalud.facmed.unam.mx\/#\/schema\/logo\/image\/"}}]}},"jetpack_shortlink":"https:\/\/wp.me\/Pfwcxr-16eU","jetpack_sharing_enabled":true,"_links":{"self":[{"href":"https:\/\/massalud.facmed.unam.mx\/index.php\/wp-json\/wp\/v2\/pages\/262316","targetHints":{"allow":["GET"]}}],"collection":[{"href":"https:\/\/massalud.facmed.unam.mx\/index.php\/wp-json\/wp\/v2\/pages"}],"about":[{"href":"https:\/\/massalud.facmed.unam.mx\/index.php\/wp-json\/wp\/v2\/types\/page"}],"author":[{"embeddable":true,"href":"https:\/\/massalud.facmed.unam.mx\/index.php\/wp-json\/wp\/v2\/users\/1"}],"replies":[{"embeddable":true,"href":"https:\/\/massalud.facmed.unam.mx\/index.php\/wp-json\/wp\/v2\/comments?post=262316"}],"version-history":[{"count":31,"href":"https:\/\/massalud.facmed.unam.mx\/index.php\/wp-json\/wp\/v2\/pages\/262316\/revisions"}],"predecessor-version":[{"id":267001,"href":"https:\/\/massalud.facmed.unam.mx\/index.php\/wp-json\/wp\/v2\/pages\/262316\/revisions\/267001"}],"wp:attachment":[{"href":"https:\/\/massalud.facmed.unam.mx\/index.php\/wp-json\/wp\/v2\/media?parent=262316"}],"curies":[{"name":"wp","href":"https:\/\/api.w.org\/{rel}","templated":true}]}}