{"id":5572,"date":"2017-10-11T16:44:54","date_gmt":"2017-10-11T21:44:54","guid":{"rendered":"http:\/\/liceaga.facmed.unam.mx\/revistas\/masalud\/?page_id=5572"},"modified":"2023-10-11T12:14:22","modified_gmt":"2023-10-11T18:14:22","slug":"nosotros-2","status":"publish","type":"page","link":"https:\/\/massalud.facmed.unam.mx\/index.php\/nosotros-2\/","title":{"rendered":"Acerca de"},"content":{"rendered":"<p>[et_pb_section fb_built=\u00bb1&#8243; admin_label=\u00bbsection\u00bb _builder_version=\u00bb4.16&#8243; custom_padding=\u00bb72px|0px|0px|0px\u00bb global_colors_info=\u00bb{}\u00bb][et_pb_row column_structure=\u00bb1_2,1_2&#8243; _builder_version=\u00bb4.16&#8243; background_size=\u00bbinitial\u00bb background_position=\u00bbtop_left\u00bb background_repeat=\u00bbrepeat\u00bb custom_padding=\u00bb0px||0px|\u00bb global_colors_info=\u00bb{}\u00bb][et_pb_column type=\u00bb1_2&#8243; _builder_version=\u00bb4.16&#8243; custom_padding=\u00bb|||\u00bb global_colors_info=\u00bb{}\u00bb custom_padding__hover=\u00bb|||\u00bb][et_pb_text _builder_version=\u00bb4.22.2&#8243; background_size=\u00bbinitial\u00bb background_position=\u00bbtop_left\u00bb background_repeat=\u00bbrepeat\u00bb hover_enabled=\u00bb0&#8243; global_colors_info=\u00bb{}\u00bb sticky_enabled=\u00bb0&#8243;]<\/p>\n<h1><span style=\"color: #0c71c3;\">Acerca de<br \/>\n<\/span><\/h1>\n<p>&nbsp;<\/p>\n<p><strong style=\"font-size: 15px;\"><span style=\"color: #0c71c3;\">+Salud FacMed<\/span><\/strong><span style=\"font-size: 15px;\"> es la revista digital de la Coordinaci\u00f3n de Comunicaci\u00f3n Social de la Facultad de Medicina de la UNAM, dirigida a su comunidad y al p\u00fablico en general, con el fin de fomentar la prevenci\u00f3n de enfermedades, la promoci\u00f3n de la salud y el conocimiento del cuerpo humano.<\/span><\/p>\n<p>&nbsp;<\/p>\n<p class=\"MsoNormal\"><span style=\"color: #0c71c3;\"><b style=\"mso-bidi-font-weight: normal;\">Misi\u00f3n<\/b><\/span><\/p>\n<p class=\"MsoNormal\">Difundir de manera sencilla, veraz y confiable informaci\u00f3n de inter\u00e9s sobre temas de salud, fundamentada en las investigaciones de acad\u00e9micos, investigadores y especialistas de la UNAM.<\/p>\n<p>&nbsp;<\/p>\n<p class=\"MsoNormal\"><span style=\"color: #0c71c3;\"><b style=\"mso-bidi-font-weight: normal;\">Visi\u00f3n<\/b><\/span><\/p>\n<p class=\"MsoNormal\">Ser el referente informativo para la poblaci\u00f3n mexicana en temas de salud, que beneficie de manera positiva su estilo de vida y favorezca a la soluci\u00f3n de los diferentes desaf\u00edos que enfrenta el pa\u00eds en materia de salud.<\/p>\n<p>&nbsp;<\/p>\n<p class=\"MsoNormal\"><strong><span style=\"color: #0c71c3;\">Aviso legal<\/span><\/strong><\/p>\n<div class=\"im_history_message_wrap im_grouped\" my-message=\"\" ng-repeat=\"historyMessage in peerHistory.messages\">\n<div class=\"im_message_outer_wrap hasselect\" ng-click=\"toggleMessage(historyMessage.mid, $event)\">\n<div class=\"im_message_wrap clearfix\" ng-switch=\"::historyMessage._ == 'messageService'\">\n<div ng-switch-default=\"\" class=\"im_content_message_wrap im_message_in\" ng-class=\"::[historyMessage.pFlags.out ? 'im_message_out' : 'im_message_in', historyMessage.fwdFromID ? 'im_message_fwd' : '']\">\n<div class=\"im_message_body\" ng-class=\"::{im_message_body_media: historyMessage._ == 'message' &amp;&amp; historyMessage.media ? true : false}\">\n<div my-message-body=\"historyMessage\">\n<div class=\"im_message_text\" dir=\"auto\"><span><\/span><\/div>\n<div class=\"im_message_text\" dir=\"auto\">\n<p>M\u00e1s Salud FacMed es una publicaci\u00f3n digital creada en el 2017 por la Universidad Nacional Aut\u00f3noma de M\u00e9xico, Ciudad Universitaria, Delegaci\u00f3n Coyoac\u00e1n, C.P. 04510, Ciudad de M\u00e9xico, M\u00e9xico, a trav\u00e9s de la Coordinaci\u00f3n de Comunicaci\u00f3n Social de la Facultad de Medicina, s\u00e9ptimo piso de la Torre de Investigaci\u00f3n, Circuito Interior sin n\u00famero, Ciudad Universitaria, delegaci\u00f3n Coyoac\u00e1n, C.P. 04510, Ciudad de M\u00e9xico, M\u00e9xico. Tel\u00e9fono: 5623-2432, p\u00e1gina: <massalud.facmed.unam.mx> Editora responsable: Mtra. Karen Paola Corona Menez. N\u00famero de certificado de reserva de derechos al uso exclusivo del t\u00edtulo: 04-2017-031508531500-203. Responsable de la \u00faltima actualizaci\u00f3n de este n\u00famero: Lic. Diana Pamela G\u00f3mez Vel\u00e1zquez (com.visual@facmed.unam.mx).<\/p>\n<p><span>Los textos son producto de las actividades propias de la Facultad de Medicina, reproducen las opiniones expresadas por los entrevistados, ponentes, acad\u00e9micos, investigadores, alumnos, funcionarios y no reflejan el punto de vista de la editora ni de la UNAM.<\/span><\/p>\n<\/div>\n<\/div>\n<\/div>\n<\/div>\n<\/div>\n<\/div>\n<\/div>\n<p>&nbsp;<\/p>\n<p class=\"MsoNormal et-fb-mce-line-break-holder\">\n<p>&nbsp;<\/p>\n<p>&nbsp;<\/p>\n<p>&nbsp;<\/p>\n<p class=\"MsoNormal et-fb-mce-line-break-holder\">\n<p>&nbsp;<\/p>\n<p>&nbsp;<\/p>\n<p>&nbsp;<\/p>\n<p class=\"MsoNormal et-fb-mce-line-break-holder\">\n<p>&nbsp;<\/p>\n<p>&nbsp;<\/p>\n<p>&nbsp;<\/p>\n<p class=\"MsoNormal et-fb-mce-line-break-holder\">\n<p>&nbsp;<\/p>\n<p>&nbsp;<\/p>\n<p>&nbsp;<\/p>\n<p class=\"MsoNormal et-fb-mce-line-break-holder\">\n<p>&nbsp;<\/p>\n<p>&nbsp;<\/p>\n<p>&nbsp;<\/p>\n<p class=\"MsoNormal et-fb-mce-line-break-holder\">\n<p>&nbsp;<\/p>\n<p>&nbsp;<\/p>\n<p>&nbsp;<\/p>\n<p class=\"MsoNormal et-fb-mce-line-break-holder\">\n<p>&nbsp;<\/p>\n<p>&nbsp;<\/p>\n<p>&nbsp;<\/p>\n<p class=\"MsoNormal et-fb-mce-line-break-holder\">\n<p>[\/et_pb_text][\/et_pb_column][et_pb_column type=\u00bb1_2&#8243; _builder_version=\u00bb4.16&#8243; custom_padding=\u00bb|||\u00bb global_colors_info=\u00bb{}\u00bb custom_padding__hover=\u00bb|||\u00bb][et_pb_video src=\u00bbhttp:\/\/liceaga.facmed.unam.mx\/revistas\/masalud\/wp-content\/uploads\/2021\/02\/WhatsApp-Video-2021-02-26-at-12.21.34-PM.mp4&#8243; image_src=\u00bbhttp:\/\/liceaga.facmed.unam.mx\/revistas\/masalud\/wp-content\/uploads\/2021\/02\/Captura-de-pantalla-2021-02-26-a-las-12.25.54.png\u00bb _builder_version=\u00bb4.16&#8243; global_colors_info=\u00bb{}\u00bb][\/et_pb_video][\/et_pb_column][\/et_pb_row][\/et_pb_section]<\/p>\n","protected":false},"excerpt":{"rendered":"<p>Acerca de &nbsp; +Salud FacMed es la revista digital de la Coordinaci\u00f3n de Comunicaci\u00f3n Social de la Facultad de Medicina de la UNAM, dirigida a su comunidad y al p\u00fablico [&hellip;]<\/p>\n","protected":false},"author":1,"featured_media":0,"parent":0,"menu_order":0,"comment_status":"closed","ping_status":"closed","template":"","meta":{"_acf_changed":false,"_et_pb_use_builder":"on","_et_pb_old_content":"","_et_gb_content_width":"","footnotes":""},"class_list":["post-5572","page","type-page","status-publish","hentry"],"acf":false,"yoast_head":"<!-- This site is optimized with the Yoast SEO plugin v27.5 - https:\/\/yoast.com\/product\/yoast-seo-wordpress\/ -->\n<title>Acerca de - +Salud FacMed<\/title>\n<meta name=\"robots\" content=\"index, follow, max-snippet:-1, max-image-preview:large, max-video-preview:-1\" \/>\n<link rel=\"canonical\" href=\"https:\/\/massalud.facmed.unam.mx\/index.php\/nosotros-2\/\" \/>\n<meta property=\"og:locale\" content=\"es_ES\" \/>\n<meta property=\"og:type\" content=\"article\" \/>\n<meta property=\"og:title\" content=\"Acerca de - +Salud FacMed\" \/>\n<meta property=\"og:description\" content=\"Acerca de &nbsp; +Salud FacMed es la revista digital de la Coordinaci\u00f3n de Comunicaci\u00f3n Social de la Facultad de Medicina de la UNAM, dirigida a su comunidad y al p\u00fablico [&hellip;]\" \/>\n<meta property=\"og:url\" content=\"https:\/\/massalud.facmed.unam.mx\/index.php\/nosotros-2\/\" \/>\n<meta property=\"og:site_name\" content=\"+Salud FacMed\" \/>\n<meta property=\"article:modified_time\" content=\"2023-10-11T18:14:22+00:00\" \/>\n<meta name=\"twitter:card\" content=\"summary_large_image\" \/>\n<meta name=\"twitter:label1\" content=\"Tiempo de lectura\" \/>\n\t<meta name=\"twitter:data1\" content=\"2 minutos\" \/>\n<script type=\"application\/ld+json\" class=\"yoast-schema-graph\">{\"@context\":\"https:\\\/\\\/schema.org\",\"@graph\":[{\"@type\":\"WebPage\",\"@id\":\"https:\\\/\\\/massalud.facmed.unam.mx\\\/index.php\\\/nosotros-2\\\/\",\"url\":\"https:\\\/\\\/massalud.facmed.unam.mx\\\/index.php\\\/nosotros-2\\\/\",\"name\":\"Acerca de - +Salud FacMed\",\"isPartOf\":{\"@id\":\"https:\\\/\\\/massalud.facmed.unam.mx\\\/#website\"},\"datePublished\":\"2017-10-11T21:44:54+00:00\",\"dateModified\":\"2023-10-11T18:14:22+00:00\",\"breadcrumb\":{\"@id\":\"https:\\\/\\\/massalud.facmed.unam.mx\\\/index.php\\\/nosotros-2\\\/#breadcrumb\"},\"inLanguage\":\"es\",\"potentialAction\":[{\"@type\":\"ReadAction\",\"target\":[\"https:\\\/\\\/massalud.facmed.unam.mx\\\/index.php\\\/nosotros-2\\\/\"]}]},{\"@type\":\"BreadcrumbList\",\"@id\":\"https:\\\/\\\/massalud.facmed.unam.mx\\\/index.php\\\/nosotros-2\\\/#breadcrumb\",\"itemListElement\":[{\"@type\":\"ListItem\",\"position\":1,\"name\":\"Portada\",\"item\":\"https:\\\/\\\/massalud.facmed.unam.mx\\\/\"},{\"@type\":\"ListItem\",\"position\":2,\"name\":\"Acerca de\"}]},{\"@type\":\"WebSite\",\"@id\":\"https:\\\/\\\/massalud.facmed.unam.mx\\\/#website\",\"url\":\"https:\\\/\\\/massalud.facmed.unam.mx\\\/\",\"name\":\"+Salud FacMed\",\"description\":\"Revista de la Facultad de Medicina\",\"publisher\":{\"@id\":\"https:\\\/\\\/massalud.facmed.unam.mx\\\/#organization\"},\"potentialAction\":[{\"@type\":\"SearchAction\",\"target\":{\"@type\":\"EntryPoint\",\"urlTemplate\":\"https:\\\/\\\/massalud.facmed.unam.mx\\\/?s={search_term_string}\"},\"query-input\":{\"@type\":\"PropertyValueSpecification\",\"valueRequired\":true,\"valueName\":\"search_term_string\"}}],\"inLanguage\":\"es\"},{\"@type\":\"Organization\",\"@id\":\"https:\\\/\\\/massalud.facmed.unam.mx\\\/#organization\",\"name\":\"+Salud\",\"url\":\"https:\\\/\\\/massalud.facmed.unam.mx\\\/\",\"logo\":{\"@type\":\"ImageObject\",\"inLanguage\":\"es\",\"@id\":\"https:\\\/\\\/massalud.facmed.unam.mx\\\/#\\\/schema\\\/logo\\\/image\\\/\",\"url\":\"https:\\\/\\\/i0.wp.com\\\/www.massaludfacmed.unam.mx\\\/wp-content\\\/uploads\\\/2018\\\/08\\\/app-mas-salud-1.png?fit=700%2C694\",\"contentUrl\":\"https:\\\/\\\/i0.wp.com\\\/www.massaludfacmed.unam.mx\\\/wp-content\\\/uploads\\\/2018\\\/08\\\/app-mas-salud-1.png?fit=700%2C694\",\"width\":700,\"height\":694,\"caption\":\"+Salud\"},\"image\":{\"@id\":\"https:\\\/\\\/massalud.facmed.unam.mx\\\/#\\\/schema\\\/logo\\\/image\\\/\"}}]}<\/script>\n<!-- \/ Yoast SEO plugin. -->","yoast_head_json":{"title":"Acerca de - +Salud FacMed","robots":{"index":"index","follow":"follow","max-snippet":"max-snippet:-1","max-image-preview":"max-image-preview:large","max-video-preview":"max-video-preview:-1"},"canonical":"https:\/\/massalud.facmed.unam.mx\/index.php\/nosotros-2\/","og_locale":"es_ES","og_type":"article","og_title":"Acerca de - +Salud FacMed","og_description":"Acerca de &nbsp; +Salud FacMed es la revista digital de la Coordinaci\u00f3n de Comunicaci\u00f3n Social de la Facultad de Medicina de la UNAM, dirigida a su comunidad y al p\u00fablico [&hellip;]","og_url":"https:\/\/massalud.facmed.unam.mx\/index.php\/nosotros-2\/","og_site_name":"+Salud FacMed","article_modified_time":"2023-10-11T18:14:22+00:00","twitter_card":"summary_large_image","twitter_misc":{"Tiempo de lectura":"2 minutos"},"schema":{"@context":"https:\/\/schema.org","@graph":[{"@type":"WebPage","@id":"https:\/\/massalud.facmed.unam.mx\/index.php\/nosotros-2\/","url":"https:\/\/massalud.facmed.unam.mx\/index.php\/nosotros-2\/","name":"Acerca de - +Salud FacMed","isPartOf":{"@id":"https:\/\/massalud.facmed.unam.mx\/#website"},"datePublished":"2017-10-11T21:44:54+00:00","dateModified":"2023-10-11T18:14:22+00:00","breadcrumb":{"@id":"https:\/\/massalud.facmed.unam.mx\/index.php\/nosotros-2\/#breadcrumb"},"inLanguage":"es","potentialAction":[{"@type":"ReadAction","target":["https:\/\/massalud.facmed.unam.mx\/index.php\/nosotros-2\/"]}]},{"@type":"BreadcrumbList","@id":"https:\/\/massalud.facmed.unam.mx\/index.php\/nosotros-2\/#breadcrumb","itemListElement":[{"@type":"ListItem","position":1,"name":"Portada","item":"https:\/\/massalud.facmed.unam.mx\/"},{"@type":"ListItem","position":2,"name":"Acerca de"}]},{"@type":"WebSite","@id":"https:\/\/massalud.facmed.unam.mx\/#website","url":"https:\/\/massalud.facmed.unam.mx\/","name":"+Salud FacMed","description":"Revista de la Facultad de Medicina","publisher":{"@id":"https:\/\/massalud.facmed.unam.mx\/#organization"},"potentialAction":[{"@type":"SearchAction","target":{"@type":"EntryPoint","urlTemplate":"https:\/\/massalud.facmed.unam.mx\/?s={search_term_string}"},"query-input":{"@type":"PropertyValueSpecification","valueRequired":true,"valueName":"search_term_string"}}],"inLanguage":"es"},{"@type":"Organization","@id":"https:\/\/massalud.facmed.unam.mx\/#organization","name":"+Salud","url":"https:\/\/massalud.facmed.unam.mx\/","logo":{"@type":"ImageObject","inLanguage":"es","@id":"https:\/\/massalud.facmed.unam.mx\/#\/schema\/logo\/image\/","url":"https:\/\/i0.wp.com\/www.massaludfacmed.unam.mx\/wp-content\/uploads\/2018\/08\/app-mas-salud-1.png?fit=700%2C694","contentUrl":"https:\/\/i0.wp.com\/www.massaludfacmed.unam.mx\/wp-content\/uploads\/2018\/08\/app-mas-salud-1.png?fit=700%2C694","width":700,"height":694,"caption":"+Salud"},"image":{"@id":"https:\/\/massalud.facmed.unam.mx\/#\/schema\/logo\/image\/"}}]}},"jetpack_shortlink":"https:\/\/wp.me\/Pfwcxr-1rS","jetpack_sharing_enabled":true,"_links":{"self":[{"href":"https:\/\/massalud.facmed.unam.mx\/index.php\/wp-json\/wp\/v2\/pages\/5572","targetHints":{"allow":["GET"]}}],"collection":[{"href":"https:\/\/massalud.facmed.unam.mx\/index.php\/wp-json\/wp\/v2\/pages"}],"about":[{"href":"https:\/\/massalud.facmed.unam.mx\/index.php\/wp-json\/wp\/v2\/types\/page"}],"author":[{"embeddable":true,"href":"https:\/\/massalud.facmed.unam.mx\/index.php\/wp-json\/wp\/v2\/users\/1"}],"replies":[{"embeddable":true,"href":"https:\/\/massalud.facmed.unam.mx\/index.php\/wp-json\/wp\/v2\/comments?post=5572"}],"version-history":[{"count":39,"href":"https:\/\/massalud.facmed.unam.mx\/index.php\/wp-json\/wp\/v2\/pages\/5572\/revisions"}],"predecessor-version":[{"id":264824,"href":"https:\/\/massalud.facmed.unam.mx\/index.php\/wp-json\/wp\/v2\/pages\/5572\/revisions\/264824"}],"wp:attachment":[{"href":"https:\/\/massalud.facmed.unam.mx\/index.php\/wp-json\/wp\/v2\/media?parent=5572"}],"curies":[{"name":"wp","href":"https:\/\/api.w.org\/{rel}","templated":true}]}}