{"id":266089,"date":"2025-01-07T17:16:22","date_gmt":"2025-01-07T23:16:22","guid":{"rendered":"https:\/\/massalud.facmed.unam.mx\/?post_type=project&#038;p=266089"},"modified":"2025-01-07T17:16:31","modified_gmt":"2025-01-07T23:16:31","slug":"maltrato-en-la-vejez","status":"publish","type":"project","link":"https:\/\/massalud.facmed.unam.mx\/index.php\/project\/maltrato-en-la-vejez\/","title":{"rendered":"Maltrato en la vejez"},"content":{"rendered":"<p>[et_pb_section fb_built=\u00bb1&#8243; theme_builder_area=\u00bbpost_content\u00bb _builder_version=\u00bb4.27.4&#8243; _module_preset=\u00bbdefault\u00bb][\/et_pb_section][et_pb_section fb_built=\u00bb1&#8243; _builder_version=\u00bb4.16&#8243; _module_preset=\u00bbdefault\u00bb custom_margin=\u00bb|1px||||\u00bb custom_padding=\u00bb0px|||||\u00bb global_colors_info=\u00bb{}\u00bb theme_builder_area=\u00bbet_body_layout\u00bb][et_pb_row _builder_version=\u00bb4.16&#8243; _module_preset=\u00bbdefault\u00bb global_colors_info=\u00bb{}\u00bb theme_builder_area=\u00bbet_body_layout\u00bb custom_margin=\u00bb-279px|auto||auto||\u00bb][et_pb_column type=\u00bb4_4&#8243; _builder_version=\u00bb4.16&#8243; _module_preset=\u00bbdefault\u00bb global_colors_info=\u00bb{}\u00bb theme_builder_area=\u00bbet_body_layout\u00bb][et_pb_image src=\u00bbhttps:\/\/massalud.facmed.unam.mx\/wp-content\/uploads\/2025\/01\/Maltrato-en-la-vejez-1.jpg\u00bb title_text=\u00bbMaltrato-en-la-vejez\u00bb show_in_lightbox=\u00bbon\u00bb _builder_version=\u00bb4.27.4&#8243; _module_preset=\u00bbdefault\u00bb min_height=\u00bb636.1px\u00bb custom_margin=\u00bb-23px|||||\u00bb hover_enabled=\u00bb0&#8243; global_colors_info=\u00bb{}\u00bb theme_builder_area=\u00bbet_body_layout\u00bb sticky_enabled=\u00bb0&#8243; custom_padding=\u00bb0px|||||\u00bb][\/et_pb_image][\/et_pb_column][\/et_pb_row][\/et_pb_section]<\/p>\n","protected":false},"excerpt":{"rendered":"<p>Seg\u00fan la OMS, \u00abel maltrato de las personas mayores es un acto \u00fanico o repetido que causa da\u00f1o o sufrimiento a la persona mayor y se produce en una relaci\u00f3n basada en la confianza\u00bb.<\/p>\n","protected":false},"author":1,"featured_media":0,"comment_status":"closed","ping_status":"closed","template":"","meta":{"_acf_changed":false,"_et_pb_use_builder":"on","_et_pb_old_content":"","_et_gb_content_width":"","footnotes":""},"project_category":[1917],"project_tag":[],"class_list":["post-266089","project","type-project","status-publish","hentry","project_category-descubrir"],"acf":false,"yoast_head":"<!-- This site is optimized with the Yoast SEO plugin v28.2 - https:\/\/yoast.com\/product\/yoast-seo-wordpress\/ -->\n<title>Maltrato en la vejez - +Salud FacMed<\/title>\n<meta name=\"robots\" content=\"index, follow, max-snippet:-1, max-image-preview:large, max-video-preview:-1\" \/>\n<link rel=\"canonical\" href=\"https:\/\/massalud.facmed.unam.mx\/index.php\/project\/maltrato-en-la-vejez\/\" \/>\n<meta property=\"og:locale\" content=\"es_ES\" \/>\n<meta property=\"og:type\" content=\"article\" \/>\n<meta property=\"og:title\" content=\"Maltrato en la vejez - +Salud FacMed\" \/>\n<meta property=\"og:description\" content=\"Seg\u00fan la OMS, &quot;el maltrato de las personas mayores es un acto \u00fanico o repetido que causa da\u00f1o o sufrimiento a la persona mayor y se produce en una relaci\u00f3n basada en la confianza&quot;.\" \/>\n<meta property=\"og:url\" content=\"https:\/\/massalud.facmed.unam.mx\/index.php\/project\/maltrato-en-la-vejez\/\" \/>\n<meta property=\"og:site_name\" content=\"+Salud FacMed\" \/>\n<meta property=\"article:modified_time\" content=\"2025-01-07T23:16:31+00:00\" \/>\n<meta name=\"twitter:card\" content=\"summary_large_image\" \/>\n<script type=\"application\/ld+json\" class=\"yoast-schema-graph\">{\"@context\":\"https:\\\/\\\/schema.org\",\"@graph\":[{\"@type\":\"WebPage\",\"@id\":\"https:\\\/\\\/massalud.facmed.unam.mx\\\/index.php\\\/project\\\/maltrato-en-la-vejez\\\/\",\"url\":\"https:\\\/\\\/massalud.facmed.unam.mx\\\/index.php\\\/project\\\/maltrato-en-la-vejez\\\/\",\"name\":\"Maltrato en la vejez - +Salud FacMed\",\"isPartOf\":{\"@id\":\"https:\\\/\\\/massalud.facmed.unam.mx\\\/#website\"},\"datePublished\":\"2025-01-07T23:16:22+00:00\",\"dateModified\":\"2025-01-07T23:16:31+00:00\",\"breadcrumb\":{\"@id\":\"https:\\\/\\\/massalud.facmed.unam.mx\\\/index.php\\\/project\\\/maltrato-en-la-vejez\\\/#breadcrumb\"},\"inLanguage\":\"es\",\"potentialAction\":[{\"@type\":\"ReadAction\",\"target\":[\"https:\\\/\\\/massalud.facmed.unam.mx\\\/index.php\\\/project\\\/maltrato-en-la-vejez\\\/\"]}]},{\"@type\":\"BreadcrumbList\",\"@id\":\"https:\\\/\\\/massalud.facmed.unam.mx\\\/index.php\\\/project\\\/maltrato-en-la-vejez\\\/#breadcrumb\",\"itemListElement\":[{\"@type\":\"ListItem\",\"position\":1,\"name\":\"Portada\",\"item\":\"https:\\\/\\\/massalud.facmed.unam.mx\\\/\"},{\"@type\":\"ListItem\",\"position\":2,\"name\":\"Proyectos\",\"item\":\"https:\\\/\\\/massalud.facmed.unam.mx\\\/index.php\\\/project\\\/\"},{\"@type\":\"ListItem\",\"position\":3,\"name\":\"Maltrato en la vejez\"}]},{\"@type\":\"WebSite\",\"@id\":\"https:\\\/\\\/massalud.facmed.unam.mx\\\/#website\",\"url\":\"https:\\\/\\\/massalud.facmed.unam.mx\\\/\",\"name\":\"+Salud FacMed\",\"description\":\"Revista de la Facultad de Medicina\",\"publisher\":{\"@id\":\"https:\\\/\\\/massalud.facmed.unam.mx\\\/#organization\"},\"potentialAction\":[{\"@type\":\"SearchAction\",\"target\":{\"@type\":\"EntryPoint\",\"urlTemplate\":\"https:\\\/\\\/massalud.facmed.unam.mx\\\/?s={search_term_string}\"},\"query-input\":{\"@type\":\"PropertyValueSpecification\",\"valueRequired\":true,\"valueName\":\"search_term_string\"}}],\"inLanguage\":\"es\"},{\"@type\":\"Organization\",\"@id\":\"https:\\\/\\\/massalud.facmed.unam.mx\\\/#organization\",\"name\":\"+Salud\",\"url\":\"https:\\\/\\\/massalud.facmed.unam.mx\\\/\",\"logo\":{\"@type\":\"ImageObject\",\"inLanguage\":\"es\",\"@id\":\"https:\\\/\\\/massalud.facmed.unam.mx\\\/#\\\/schema\\\/logo\\\/image\\\/\",\"url\":\"https:\\\/\\\/i0.wp.com\\\/www.massaludfacmed.unam.mx\\\/wp-content\\\/uploads\\\/2018\\\/08\\\/app-mas-salud-1.png?fit=700%2C694\",\"contentUrl\":\"https:\\\/\\\/i0.wp.com\\\/www.massaludfacmed.unam.mx\\\/wp-content\\\/uploads\\\/2018\\\/08\\\/app-mas-salud-1.png?fit=700%2C694\",\"width\":700,\"height\":694,\"caption\":\"+Salud\"},\"image\":{\"@id\":\"https:\\\/\\\/massalud.facmed.unam.mx\\\/#\\\/schema\\\/logo\\\/image\\\/\"}}]}<\/script>\n<!-- \/ Yoast SEO plugin. -->","yoast_head_json":{"title":"Maltrato en la vejez - +Salud FacMed","robots":{"index":"index","follow":"follow","max-snippet":"max-snippet:-1","max-image-preview":"max-image-preview:large","max-video-preview":"max-video-preview:-1"},"canonical":"https:\/\/massalud.facmed.unam.mx\/index.php\/project\/maltrato-en-la-vejez\/","og_locale":"es_ES","og_type":"article","og_title":"Maltrato en la vejez - +Salud FacMed","og_description":"Seg\u00fan la OMS, \"el maltrato de las personas mayores es un acto \u00fanico o repetido que causa da\u00f1o o sufrimiento a la persona mayor y se produce en una relaci\u00f3n basada en la confianza\".","og_url":"https:\/\/massalud.facmed.unam.mx\/index.php\/project\/maltrato-en-la-vejez\/","og_site_name":"+Salud FacMed","article_modified_time":"2025-01-07T23:16:31+00:00","twitter_card":"summary_large_image","schema":{"@context":"https:\/\/schema.org","@graph":[{"@type":"WebPage","@id":"https:\/\/massalud.facmed.unam.mx\/index.php\/project\/maltrato-en-la-vejez\/","url":"https:\/\/massalud.facmed.unam.mx\/index.php\/project\/maltrato-en-la-vejez\/","name":"Maltrato en la vejez - +Salud FacMed","isPartOf":{"@id":"https:\/\/massalud.facmed.unam.mx\/#website"},"datePublished":"2025-01-07T23:16:22+00:00","dateModified":"2025-01-07T23:16:31+00:00","breadcrumb":{"@id":"https:\/\/massalud.facmed.unam.mx\/index.php\/project\/maltrato-en-la-vejez\/#breadcrumb"},"inLanguage":"es","potentialAction":[{"@type":"ReadAction","target":["https:\/\/massalud.facmed.unam.mx\/index.php\/project\/maltrato-en-la-vejez\/"]}]},{"@type":"BreadcrumbList","@id":"https:\/\/massalud.facmed.unam.mx\/index.php\/project\/maltrato-en-la-vejez\/#breadcrumb","itemListElement":[{"@type":"ListItem","position":1,"name":"Portada","item":"https:\/\/massalud.facmed.unam.mx\/"},{"@type":"ListItem","position":2,"name":"Proyectos","item":"https:\/\/massalud.facmed.unam.mx\/index.php\/project\/"},{"@type":"ListItem","position":3,"name":"Maltrato en la vejez"}]},{"@type":"WebSite","@id":"https:\/\/massalud.facmed.unam.mx\/#website","url":"https:\/\/massalud.facmed.unam.mx\/","name":"+Salud FacMed","description":"Revista de la Facultad de Medicina","publisher":{"@id":"https:\/\/massalud.facmed.unam.mx\/#organization"},"potentialAction":[{"@type":"SearchAction","target":{"@type":"EntryPoint","urlTemplate":"https:\/\/massalud.facmed.unam.mx\/?s={search_term_string}"},"query-input":{"@type":"PropertyValueSpecification","valueRequired":true,"valueName":"search_term_string"}}],"inLanguage":"es"},{"@type":"Organization","@id":"https:\/\/massalud.facmed.unam.mx\/#organization","name":"+Salud","url":"https:\/\/massalud.facmed.unam.mx\/","logo":{"@type":"ImageObject","inLanguage":"es","@id":"https:\/\/massalud.facmed.unam.mx\/#\/schema\/logo\/image\/","url":"https:\/\/i0.wp.com\/www.massaludfacmed.unam.mx\/wp-content\/uploads\/2018\/08\/app-mas-salud-1.png?fit=700%2C694","contentUrl":"https:\/\/i0.wp.com\/www.massaludfacmed.unam.mx\/wp-content\/uploads\/2018\/08\/app-mas-salud-1.png?fit=700%2C694","width":700,"height":694,"caption":"+Salud"},"image":{"@id":"https:\/\/massalud.facmed.unam.mx\/#\/schema\/logo\/image\/"}}]}},"jetpack_sharing_enabled":true,"_links":{"self":[{"href":"https:\/\/massalud.facmed.unam.mx\/index.php\/wp-json\/wp\/v2\/project\/266089","targetHints":{"allow":["GET"]}}],"collection":[{"href":"https:\/\/massalud.facmed.unam.mx\/index.php\/wp-json\/wp\/v2\/project"}],"about":[{"href":"https:\/\/massalud.facmed.unam.mx\/index.php\/wp-json\/wp\/v2\/types\/project"}],"author":[{"embeddable":true,"href":"https:\/\/massalud.facmed.unam.mx\/index.php\/wp-json\/wp\/v2\/users\/1"}],"replies":[{"embeddable":true,"href":"https:\/\/massalud.facmed.unam.mx\/index.php\/wp-json\/wp\/v2\/comments?post=266089"}],"version-history":[{"count":2,"href":"https:\/\/massalud.facmed.unam.mx\/index.php\/wp-json\/wp\/v2\/project\/266089\/revisions"}],"predecessor-version":[{"id":266091,"href":"https:\/\/massalud.facmed.unam.mx\/index.php\/wp-json\/wp\/v2\/project\/266089\/revisions\/266091"}],"wp:attachment":[{"href":"https:\/\/massalud.facmed.unam.mx\/index.php\/wp-json\/wp\/v2\/media?parent=266089"}],"wp:term":[{"taxonomy":"project_category","embeddable":true,"href":"https:\/\/massalud.facmed.unam.mx\/index.php\/wp-json\/wp\/v2\/project_category?post=266089"},{"taxonomy":"project_tag","embeddable":true,"href":"https:\/\/massalud.facmed.unam.mx\/index.php\/wp-json\/wp\/v2\/project_tag?post=266089"}],"curies":[{"name":"wp","href":"https:\/\/api.w.org\/{rel}","templated":true}]}}

<p>Según la OMS, «el maltrato de las personas mayores es un acto único o repetido que causa daño o sufrimiento a la persona mayor y se produce en una relación basada en la confianza».</p>

<!-- This site is optimized with the Yoast SEO plugin v28.2 - https://yoast.com/product/yoast-seo-wordpress/ -->
<title>Maltrato en la vejez - +Salud FacMed</title>
<meta name="robots" content="index, follow, max-snippet:-1, max-image-preview:large, max-video-preview:-1" />
<link rel="canonical" href="https://massalud.facmed.unam.mx/index.php/project/maltrato-en-la-vejez/" />
<meta property="og:locale" content="es_ES" />
<meta property="og:type" content="article" />
<meta property="og:title" content="Maltrato en la vejez - +Salud FacMed" />
<meta property="og:description" content="Según la OMS, &quot;el maltrato de las personas mayores es un acto único o repetido que causa daño o sufrimiento a la persona mayor y se produce en una relación basada en la confianza&quot;." />
<meta property="og:url" content="https://massalud.facmed.unam.mx/index.php/project/maltrato-en-la-vejez/" />
<meta property="og:site_name" content="+Salud FacMed" />
<meta property="article:modified_time" content="2025-01-07T23:16:31+00:00" />
<meta name="twitter:card" content="summary_large_image" />
<script type="application/ld+json" class="yoast-schema-graph">{"@context":"https:\/\/schema.org","@graph":[{"@type":"WebPage","@id":"https:\/\/massalud.facmed.unam.mx\/index.php\/project\/maltrato-en-la-vejez\/","url":"https:\/\/massalud.facmed.unam.mx\/index.php\/project\/maltrato-en-la-vejez\/","name":"Maltrato en la vejez - +Salud FacMed","isPartOf":{"@id":"https:\/\/massalud.facmed.unam.mx\/#website"},"datePublished":"2025-01-07T23:16:22+00:00","dateModified":"2025-01-07T23:16:31+00:00","breadcrumb":{"@id":"https:\/\/massalud.facmed.unam.mx\/index.php\/project\/maltrato-en-la-vejez\/#breadcrumb"},"inLanguage":"es","potentialAction":[{"@type":"ReadAction","target":["https:\/\/massalud.facmed.unam.mx\/index.php\/project\/maltrato-en-la-vejez\/"]}]},{"@type":"BreadcrumbList","@id":"https:\/\/massalud.facmed.unam.mx\/index.php\/project\/maltrato-en-la-vejez\/#breadcrumb","itemListElement":[{"@type":"ListItem","position":1,"name":"Portada","item":"https:\/\/massalud.facmed.unam.mx\/"},{"@type":"ListItem","position":2,"name":"Proyectos","item":"https:\/\/massalud.facmed.unam.mx\/index.php\/project\/"},{"@type":"ListItem","position":3,"name":"Maltrato en la vejez"}]},{"@type":"WebSite","@id":"https:\/\/massalud.facmed.unam.mx\/#website","url":"https:\/\/massalud.facmed.unam.mx\/","name":"+Salud FacMed","description":"Revista de la Facultad de Medicina","publisher":{"@id":"https:\/\/massalud.facmed.unam.mx\/#organization"},"potentialAction":[{"@type":"SearchAction","target":{"@type":"EntryPoint","urlTemplate":"https:\/\/massalud.facmed.unam.mx\/?s={search_term_string}"},"query-input":{"@type":"PropertyValueSpecification","valueRequired":true,"valueName":"search_term_string"}}],"inLanguage":"es"},{"@type":"Organization","@id":"https:\/\/massalud.facmed.unam.mx\/#organization","name":"+Salud","url":"https:\/\/massalud.facmed.unam.mx\/","logo":{"@type":"ImageObject","inLanguage":"es","@id":"https:\/\/massalud.facmed.unam.mx\/#\/schema\/logo\/image\/","url":"https:\/\/i0.wp.com\/www.massaludfacmed.unam.mx\/wp-content\/uploads\/2018\/08\/app-mas-salud-1.png?fit=700%2C694","contentUrl":"https:\/\/i0.wp.com\/www.massaludfacmed.unam.mx\/wp-content\/uploads\/2018\/08\/app-mas-salud-1.png?fit=700%2C694","width":700,"height":694,"caption":"+Salud"},"image":{"@id":"https:\/\/massalud.facmed.unam.mx\/#\/schema\/logo\/image\/"}}]}</script>
<!-- / Yoast SEO plugin. -->

Según la OMS, "el maltrato de las personas mayores es un acto único o repetido que causa daño o sufrimiento a la persona mayor y se produce en una relación basada en la confianza".
